?
False
Is 303583937 prime?
True
Is 138286951 a composite number?
True
Is 51806941379 a prime number?
True
Is 20325820799 composite?
True
Is 6988220251 a prime number?
True
Is 1850343149 a composite number?
True
Is 829169249 a composite number?
False
Is 1799203685 prime?
False
Is 31933416013 a prime number?
True
Is 882700543 prime?
True
Is 1205485319 prime?
True
Is 5853893347 composite?
False
Is 22197731021 a prime number?
False
Is 360280253 composite?
True
Is 412257749 composite?
False
Is 1813470987 prime?
False
Is 912276173 prime?
False
Is 31871021701 prime?
True
Is 63717436693 prime?
True
Is 9063997673 a prime number?
False
Is 4357368853 a prime number?
False
Is 1409661767 a prime number?
True
Is 2789689219 composite?
False
Is 493812437 prime?
False
Is 2028011257 composite?
False
Is 4025246129 a prime number?
True
Is 670346951 prime?
True
Is 166854617 a composite number?
True
Is 19730865841 a prime number?
True
Is 33012934329 a composite number?
True
Is 3892909261 a prime number?
True
Is 53020722793 composite?
True
Is 11803656703 a prime number?
False
Is 9963449533 a composite number?
True
Is 1498643921 a prime number?
True
Is 14796920597 a composite number?
False
Is 4296951293 prime?
False
Is 1388948821 a prime number?
False
Is 83034150713 prime?
False
Is 193158596881 a composite number?
True
Is 1051657147 composite?
True
Is 286960229 a composite number?
True
Is 18525041281 composite?
False
Is 2130374131 prime?
False
Is 117947456189 composite?
False
Is 41313991531 composite?
False
Is 343243027 a composite number?
True
Is 2563390393 composite?
False
Is 445292501 a prime number?
False
Is 1453032781 prime?
False
Is 15656811511 a prime number?
False
Is 212534089 a prime number?
True
Is 1085266447 a prime number?
True
Is 37783351097 composite?
False
Is 86924683093 a composite number?
False
Is 64284043 prime?
True
Is 307632461 a composite number?
False
Is 7751740951 a composite number?
False
Is 22806628219 composite?
False
Is 14801389027 composite?
True
Is 24585520829 a composite number?
False
Is 19717158557 prime?
True
Is 8353236523 a composite number?
False
Is 2787162467 a prime number?
False
Is 660691193 composite?
False
Is 923090759 prime?
True
Is 236654113 a prime number?
True
Is 2016284401 prime?
False
Is 39333741589 a prime number?
False
Is 1402429667891 composite?
True
Is 36149716219 prime?
True
Is 2529088507 a composite number?
True
Is 286128569 a composite number?
True
Is 39739986103 prime?
True
Is 563120317 composite?
False
Is 43599069757 prime?
False
Is 2763397513 a prime number?
False
Is 49154775403 a composite number?
False
Is 4547840123 a composite number?
False
Is 10312826371 a prime number?
True
Is 75846361 a prime number?
True
Is 1796446529 composite?
True
Is 949619203 composite?
True
Is 1089192301 a composite number?
True
Is 2140520647 prime?
False
Is 2249313301 composite?
False
Is 409493797 composite?
True
Is 108739965227 prime?
True
Is 472680770095 a prime number?
False
Is 567896221 a composite number?
True
Is 143715359 prime?
False
Is 13592392969 composite?
False
Is 6223315699 a composite number?
False
Is 1052850419 a composite number?
True
Is 409885222421 a composite number?
True
Is 4127164053 a prime number?
False
Is 1240025746 composite?
True
Is 583323331 a prime number?
False
Is 61678105 a prime number?
False
Is 1279586171 a composite number?
False
Is 130629176779 a prime number?
False
Is 37974711559 a prime number?
False
Is 19934878621 a composite number?
True
Is 1346546129 composite?
False
Is 3461025683 prime?
True
Is 6187648409 a prime number?
True
Is 69278988629 composite?
True
Is 1263960823 a composite number?
True
Is 15683321939 composite?
False
Is 59130286283 composite?
True
Is 123541760311 prime?
True
Is 1331898739 a composite number?
True
Is 974937553 a composite number?
True
Is 129544151203 a composite number?
False
Is 295786571 a composite number?
False
Is 3100516721 composite?
True
Is 76976630369 composite?
False
Is 3740005879 a prime number?
False
Is 7997188063 a composite number?
False
Is 619652573 a composite number?
False
Is 134692218043 prime?
True
Is 3776396537 a composite number?
False
Is 42035421137 a prime number?
False
Is 194767187 a prime number?
False
Is 5645527507 a prime number?
True
Is 4231963298 prime?
False
Is 8665023223 prime?
True
Is 438167363 prime?
True
Is 574887103 composite?
True
Is 10417681829 composite?
True
Is 3341284307 composite?
False
Is 1774792511 a composite number?
True
Is 589725947 composite?
False
Is 29520848087 a prime number?
True
Is 1972671343 a composite number?
False
Is 9695488403 prime?
False
Is 1659690781 prime?
False
Is 1081609639 a composite number?
True
Is 230044081 a prime number?
False
Is 8145331031 prime?
False
Is 9804866921 prime?
True
Is 153336769 a prime number?
False
Is 6333199 composite?
True
Is 938076709 prime?
False
Is 653599873 a prime number?
False
Is 2225076653 a prime number?
True
Is 28444646357 composite?
False
Is 51926393 a prime number?
False
Is 514370599 composite?
False
Is 5700688339 a prime number?
False
Is 7775073287 a prime number?
True
Is 4140110449 prime?
False
Is 14591360717 composite?
True
Is 42424417645 composite?
True
Is 680580779 composite?
True
Is 1555584801 a composite number?
True
Is 13040261783 a composite number?
False
Is 17560642721 composite?
False
Is 13975915829 composite?
False
Is 36649505941 a prime number?
True
Is 2546168993 prime?
True
Is 35711961317 composite?
True
Is 8002378987 a prime number?
False
Is 2246850743 prime?
True
Is 2075451527 prime?
False
Is 750672941 a prime number?
False
Is 181867836499 prime?
False
Is 133505221 a prime number?
False
Is 3815827643 composite?
False
Is 30784261097 composite?
True
Is 1095987757 composite?
False
Is 94194108347 a prime number?
False
Is 1427946913 a composite number?
True
Is 29403642839 a composite number?
False
Is 36407574743 a prime number?
False
Is 356154137 prime?
True
Is 5676837035 composite?
True
Is 5403271921 composite?
False
Is 916144301 a prime number?
True
Is 2349619147 a prime number?
False
Is 6649593709 a prime number?
False
Is 2941903967 prime?
False
Is 504410359 prime?
False
Is 1484019683 a prime number?
True
Is 15849262837 a composite number?
True
Is 626510447 a prime number?
False
Is 6310740703 prime?
True
Is 148108397 prime?
False
Is 311033929 composite?
True
Is 325019539 a composite number?
True
Is 17165478727 prime?
True
Is 5099048413 a composite number?
False
Is 735526091 a composite number?
True
Is 51479810234 composite?
True
Is 11177272427 a composite number?
False
Is 667400581 composite?
True
Is 741598673 a composite number?
True
Is 17631980761 prime?
True
Is 19521143557 a prime number?
False
Is 588167297 a prime number?
True
Is 1824712777 a composite number?
False
Is 7142748799 a composite number?
False
Is 29628149163 a composite number?
True
Is 34332480059 a composite number?
True
Is 3189591487 a composite number?
True
Is 4299125057 a prime number?
False
Is 1216612961 a composite number?
False
Is 13766208619 a composite number?
False
Is 1582008677 prime?
True
Is 19237759285 composite?
True
Is 7642633426 prime?
False
Is 23960686969 a composite number?
True
Is 6592048741 composite?
True
Is 44569961 composite?
False
Is 7123457909 a prime number?
False
Is 4402672657 prime?
False
Is 5862749617 composite?
False
Is 298639862 composite?
True
Is 437662031 composite?
False
Is 15713345281 composite?
True
Is 168561158479 prime?
False
Is 8005139411 a prime number?
False
Is 3196709897 prime?
True
Is 1859465227 a prime number?
True
Is 1661124253 a prime number?
True
Is 25077331277 prime?
False
Is 866429929 a composite number?
False
Is 4326800123 a composite number?
True
Is 2407442149 prime?
False
Is 253972891 a prime number?
False
Is 16628960461 a prime number?
False
Is 3310652987 prime?
True
Is 30042449579 prime?
True
Is 1126066477 composite?
False
Is 765323081 a composite number?
False
Is 17926702687 a prime number?
False
Is 643835161 prime?
False
Is 1893312251 prime?
False
Is 481482481 a prime number?
False
Is 236478971 composite?
True
Is 40428359 a prime number?
True
Is 9392796781 prime?
True
Is 112408211 a composite number?
False
Is 42049688969 prime?
True
Is 7165426753 a composite number?
True
Is 657581843 a composite number?
True
Is 80431693 a composite numbe